{"id":12417,"date":"2023-11-22T02:01:14","date_gmt":"2023-11-22T02:01:14","guid":{"rendered":"https:\/\/dev-e.kosmolat.eu\/product\/spaaroma-kermena-sviests-ar-olivellu-250-ml\/"},"modified":"2024-01-10T07:53:47","modified_gmt":"2024-01-10T07:53:47","slug":"spaaroma-kermena-sviests-ar-olivellu-250-ml","status":"publish","type":"product","link":"https:\/\/dev-e.kosmolat.eu\/lv\/product\/spaaroma-kermena-sviests-ar-olivellu-250-ml\/","title":{"rendered":"Spa&#038;Aroma \u0136erme\u0146a sviests ar ol\u012bve\u013c\u013cu, 250 ml"},"content":{"rendered":"<p>Ol\u012bve\u013c\u013ca baro un dzi\u013ci mitrina \u0101du \u0161\u016bnu l\u012bmen\u012b. Regul\u0101ri lietojot, \u0137erme\u0146a sviests nodro\u0161ina maksim\u0101lu aizsardz\u012bbu un visaptvero\u0161u \u0101das kop\u0161anu visas dienas garum\u0101. \u0136erme\u0146a sviestam piem\u012bt pat\u012bkams relaks\u0113jo\u0161s arom\u0101ts.<\/p>\n<p><strong>Lieto\u0161ana:<\/strong> uzkl\u0101t uz t\u012bras \u0101das ar viegl\u0101m mas\u0113jo\u0161\u0101m kust\u012bb\u0101m.<\/p>\n<p><strong>Piesardz\u012bbas pas\u0101kumi: <\/strong>tikai \u0101r\u012bgai lieto\u0161anai. Sarg\u0101t no b\u0113rniem.<\/p>\n<p><strong>Der\u012bguma termi\u0146\u0161: <\/strong>24 m\u0113ne\u0161i.<\/p>\n<p>Uzglab\u0101t temperat\u016br\u0101 no +5 &ordm;C l\u012bdz +25 &ordm;C.<br \/>\n&nbsp;<\/p>\n","protected":false},"excerpt":{"rendered":"<p>Ol\u012bve\u013c\u013ca baro un dzi\u013ci mitrina \u0101du \u0161\u016bnu l\u012bmen\u012b. Regul\u0101ri lietojot, \u0137erme\u0146a sviests nodro\u0161ina maksim\u0101lu aizsardz\u012bbu un visaptvero\u0161u \u0101das kop\u0161anu visas dienas garum\u0101. \u0136erme\u0146a sviestam piem\u012bt pat\u012bkams relaks\u0113jo\u0161s arom\u0101ts. Lieto\u0161ana: uzkl\u0101t uz t\u012bras \u0101das ar viegl\u0101m mas\u0113jo\u0161\u0101m kust\u012bb\u0101m. Piesardz\u012bbas pas\u0101kumi: tikai \u0101r\u012bgai lieto\u0161anai. Sarg\u0101t no b\u0113rniem. Der\u012bguma termi\u0146\u0161: 24 m\u0113ne\u0161i. Uzglab\u0101t temperat\u016br\u0101 no +5 &ordm;C l\u012bdz [&#8230;]\n","protected":false},"featured_media":12421,"template":"","meta":[],"product_cat":[367],"product_tag":[],"class_list":["post-12417","product","type-product","status-publish","has-post-thumbnail","product_brand-bioton","product_cat-kermena-kremi-pienini-sviesti","first","instock","taxable","shipping-taxable","product-type-simple"],"_links":{"self":[{"href":"https:\/\/dev-e.kosmolat.eu\/lv\/wp-json\/wp\/v2\/product\/12417","targetHints":{"allow":["GET"]}}],"collection":[{"href":"https:\/\/dev-e.kosmolat.eu\/lv\/wp-json\/wp\/v2\/product"}],"about":[{"href":"https:\/\/dev-e.kosmolat.eu\/lv\/wp-json\/wp\/v2\/types\/product"}],"wp:featuredmedia":[{"embeddable":true,"href":"https:\/\/dev-e.kosmolat.eu\/lv\/wp-json\/wp\/v2\/media\/12421"}],"wp:attachment":[{"href":"https:\/\/dev-e.kosmolat.eu\/lv\/wp-json\/wp\/v2\/media?parent=12417"}],"wp:term":[{"taxonomy":"product_cat","embeddable":true,"href":"https:\/\/dev-e.kosmolat.eu\/lv\/wp-json\/wp\/v2\/product_cat?post=12417"},{"taxonomy":"product_tag","embeddable":true,"href":"https:\/\/dev-e.kosmolat.eu\/lv\/wp-json\/wp\/v2\/product_tag?post=12417"}],"curies":[{"name":"wp","href":"https:\/\/api.w.org\/{rel}","templated":true}]}}

Spa&#038;Aroma Ķermeņa sviests ar olīveļļu, 250 ml

<p>Olīveļļa baro un dziļi mitrina ādu šūnu līmenī. Regulāri lietojot, ķermeņa sviests nodrošina maksimālu aizsardzību un visaptverošu ādas kopšanu visas dienas garumā. Ķermeņa sviestam piemīt patīkams relaksējošs aromāts.</p>
<p><strong>Lietošana:</strong> uzklāt uz tīras ādas ar vieglām masējošām kustībām.</p>
<p><strong>Piesardzības pasākumi: </strong>tikai ārīgai lietošanai. Sargāt no bērniem.</p>
<p><strong>Derīguma termiņš: </strong>24 mēneši.</p>
<p>Uzglabāt temperatūrā no +5 &ordm;C līdz +25 &ordm;C.<br />
&nbsp;</p>

<p>Olīveļļa baro un dziļi mitrina ādu šūnu līmenī. Regulāri lietojot, ķermeņa sviests nodrošina maksimālu aizsardzību un visaptverošu ādas kopšanu visas dienas garumā. Ķermeņa sviestam piemīt patīkams relaksējošs aromāts. Lietošana: uzklāt uz tīras ādas ar vieglām masējošām kustībām. Piesardzības pasākumi: tikai ārīgai lietošanai. Sargāt no bērniem. Derīguma termiņš: 24 mēneši. Uzglabāt temperatūrā no +5 &ordm;C līdz [&#8230;]
