{"id":2962,"date":"2023-11-15T09:31:04","date_gmt":"2023-11-15T09:31:04","guid":{"rendered":"https:\/\/dev-e.kosmolat.eu\/product\/dd-krems-retinols-30-ml\/"},"modified":"2024-01-10T00:39:35","modified_gmt":"2024-01-10T00:39:35","slug":"dd-krems-retinols-30-ml","status":"publish","type":"product","link":"https:\/\/dev-e.kosmolat.eu\/lv\/product\/dd-krems-retinols-30-ml\/","title":{"rendered":"&#8220;DD&#8221; Kr\u0113ms &#8220;Retinols&#8221;, 30 ml"},"content":{"rendered":"<p>Visiem \u0101das tipiem<\/p>\n<ul>\n<li>kav\u0113 \u0101das noveco\u0161anos, piem\u012bt stimul\u0113jo\u0161a iedarb\u012bba<\/li>\n<li>kori\u0123\u0113 eso\u0161o grumbu dzi\u013cumu<\/li>\n<li>uzlabo \u0101das \u0101r\u0113jo izskatu<\/li>\n<li>nodro\u0161ina antioksidantu aizsardz\u012bbu<\/li>\n<li>stimul\u0113 kolag\u0113na izstr\u0101di<\/li>\n<\/ul>\n<p><span style=\"color: inherit; font-family: &quot;Helvetica Neue&quot;, Helvetica, Arial, sans-serif; font-size: 18px;\">Lieto\u0161ana:<\/span><\/p>\n<p>uzkl\u0101t uz t\u012bras \u0101das viegl\u0101m mas\u0101\u017eas kust\u012bb\u0101m.&nbsp;<\/p>\n<h4>Piesardz\u012bbas pas\u0101kumi:<br \/>\n<\/h4>\n<p>ir iesp\u0113jama paaugstin\u0101ta individu\u0101la jut\u012bba pret atsevi\u0161\u0137iem komponentiem.<\/p><\/p>\n","protected":false},"excerpt":{"rendered":"<p>Visiem \u0101das tipiem kav\u0113 \u0101das noveco\u0161anos, piem\u012bt stimul\u0113jo\u0161a iedarb\u012bba kori\u0123\u0113 eso\u0161o grumbu dzi\u013cumu uzlabo \u0101das \u0101r\u0113jo izskatu nodro\u0161ina antioksidantu aizsardz\u012bbu stimul\u0113 kolag\u0113na izstr\u0101di Lieto\u0161ana: uzkl\u0101t uz t\u012bras \u0101das viegl\u0101m mas\u0101\u017eas kust\u012bb\u0101m.&nbsp; Piesardz\u012bbas pas\u0101kumi: ir iesp\u0113jama paaugstin\u0101ta individu\u0101la jut\u012bba pret atsevi\u0161\u0137iem komponentiem.<\/p>\n","protected":false},"featured_media":2966,"template":"","meta":[],"product_cat":[323],"product_tag":[],"class_list":["post-2962","product","type-product","status-publish","has-post-thumbnail","product_brand-elfa","product_cat-sejas-kremi","first","instock","taxable","shipping-taxable","product-type-simple"],"_links":{"self":[{"href":"https:\/\/dev-e.kosmolat.eu\/lv\/wp-json\/wp\/v2\/product\/2962","targetHints":{"allow":["GET"]}}],"collection":[{"href":"https:\/\/dev-e.kosmolat.eu\/lv\/wp-json\/wp\/v2\/product"}],"about":[{"href":"https:\/\/dev-e.kosmolat.eu\/lv\/wp-json\/wp\/v2\/types\/product"}],"wp:featuredmedia":[{"embeddable":true,"href":"https:\/\/dev-e.kosmolat.eu\/lv\/wp-json\/wp\/v2\/media\/2966"}],"wp:attachment":[{"href":"https:\/\/dev-e.kosmolat.eu\/lv\/wp-json\/wp\/v2\/media?parent=2962"}],"wp:term":[{"taxonomy":"product_cat","embeddable":true,"href":"https:\/\/dev-e.kosmolat.eu\/lv\/wp-json\/wp\/v2\/product_cat?post=2962"},{"taxonomy":"product_tag","embeddable":true,"href":"https:\/\/dev-e.kosmolat.eu\/lv\/wp-json\/wp\/v2\/product_tag?post=2962"}],"curies":[{"name":"wp","href":"https:\/\/api.w.org\/{rel}","templated":true}]}}

&#8220;DD&#8221; Krēms &#8220;Retinols&#8221;, 30 ml

<p>Visiem ādas tipiem</p>
<ul>
<li>kavē ādas novecošanos, piemīt stimulējoša iedarbība</li>
<li>koriģē esošo grumbu dziļumu</li>
<li>uzlabo ādas ārējo izskatu</li>
<li>nodrošina antioksidantu aizsardzību</li>
<li>stimulē kolagēna izstrādi</li>
</ul>
<p><span style="color: inherit; font-family: &quot;Helvetica Neue&quot;, Helvetica, Arial, sans-serif; font-size: 18px;">Lietošana:</span></p>
<p>uzklāt uz tīras ādas vieglām masāžas kustībām.&nbsp;</p>
<h4>Piesardzības pasākumi:<br />
</h4>
<p>ir iespējama paaugstināta individuāla jutība pret atsevišķiem komponentiem.</p></p>

<p>Visiem ādas tipiem kavē ādas novecošanos, piemīt stimulējoša iedarbība koriģē esošo grumbu dziļumu uzlabo ādas ārējo izskatu nodrošina antioksidantu aizsardzību stimulē kolagēna izstrādi Lietošana: uzklāt uz tīras ādas vieglām masāžas kustībām.&nbsp; Piesardzības pasākumi: ir iespējama paaugstināta individuāla jutība pret atsevišķiem komponentiem.</p>
