{"id":3946,"date":"2023-11-15T10:14:33","date_gmt":"2023-11-15T10:14:33","guid":{"rendered":"https:\/\/dev-e.kosmolat.eu\/product\/vollare-detox-anti-pollution-dienas-sej-kr-mintrin-spf30-50-ml\/"},"modified":"2023-12-11T22:34:59","modified_gmt":"2023-12-11T22:34:59","slug":"vollare-detox-anti-pollution-dienas-sej-kr-mintrin-spf30-50-ml","status":"publish","type":"product","link":"https:\/\/dev-e.kosmolat.eu\/lv\/product\/vollare-detox-anti-pollution-dienas-sej-kr-mintrin-spf30-50-ml\/","title":{"rendered":"VOLLARE Detox Anti-Pollution Dienas sej.kr.mintrin. SPF30, 50 ml"},"content":{"rendered":"<p>Nov\u0113r&scaron; pirm\u0101s noveco&scaron;an\u0101s paz\u012bmes. Tr\u012bs v\u0113rt\u012bgu sast\u0101vda\u013cu kombin\u0101cija rada papildu aizsargbarjeru uz \u0101das. Aktiv\u0113t\u0101 ogle aizsarg\u0101 \u0101du no apk\u0101rt\u0113j\u0101s vides negat\u012bv\u0101s ietekmes, pateicoties t\u0101s absorb\u0113jo&scaron;aj\u0101m \u012bpa&scaron;\u012bb\u0101m. C un E vitam\u012bni ir antioksidanti, kas r\u016bp\u0113jas par \u0101das lip\u012bdu strukt\u016bru, palielinot t\u0101s iztur\u012bbu pret antioksidantu stresu. Savuk\u0101rt SPF30 filtrs pasarg\u0101s no UVA\/UVB starojuma.<\/p>\n<p><strong>Lieto&scaron;ana: <\/strong>katru r\u012btu uzkl\u0101t uz att\u012br\u012btas sejas, kakla un dekolt\u0113 zonas \u0101das, maigi iemas\u0113jot.<br \/>\n&nbsp;<\/p>\n","protected":false},"excerpt":{"rendered":"<p>Nov\u0113r&scaron; pirm\u0101s noveco&scaron;an\u0101s paz\u012bmes. Tr\u012bs v\u0113rt\u012bgu sast\u0101vda\u013cu kombin\u0101cija rada papildu aizsargbarjeru uz \u0101das. Aktiv\u0113t\u0101 ogle aizsarg\u0101 \u0101du no apk\u0101rt\u0113j\u0101s vides negat\u012bv\u0101s ietekmes, pateicoties t\u0101s absorb\u0113jo&scaron;aj\u0101m \u012bpa&scaron;\u012bb\u0101m. C un E vitam\u012bni ir antioksidanti, kas r\u016bp\u0113jas par \u0101das lip\u012bdu strukt\u016bru, palielinot t\u0101s iztur\u012bbu pret antioksidantu stresu. Savuk\u0101rt SPF30 filtrs pasarg\u0101s no UVA\/UVB starojuma. Lieto&scaron;ana: katru r\u012btu uzkl\u0101t [&#8230;]\n","protected":false},"featured_media":26809,"template":"","meta":[],"product_cat":[323],"product_tag":[],"class_list":["post-3946","product","type-product","status-publish","has-post-thumbnail","product_brand-verona","product_cat-sejas-kremi","first","instock","taxable","shipping-taxable","product-type-simple"],"_links":{"self":[{"href":"https:\/\/dev-e.kosmolat.eu\/lv\/wp-json\/wp\/v2\/product\/3946","targetHints":{"allow":["GET"]}}],"collection":[{"href":"https:\/\/dev-e.kosmolat.eu\/lv\/wp-json\/wp\/v2\/product"}],"about":[{"href":"https:\/\/dev-e.kosmolat.eu\/lv\/wp-json\/wp\/v2\/types\/product"}],"wp:featuredmedia":[{"embeddable":true,"href":"https:\/\/dev-e.kosmolat.eu\/lv\/wp-json\/wp\/v2\/media\/26809"}],"wp:attachment":[{"href":"https:\/\/dev-e.kosmolat.eu\/lv\/wp-json\/wp\/v2\/media?parent=3946"}],"wp:term":[{"taxonomy":"product_cat","embeddable":true,"href":"https:\/\/dev-e.kosmolat.eu\/lv\/wp-json\/wp\/v2\/product_cat?post=3946"},{"taxonomy":"product_tag","embeddable":true,"href":"https:\/\/dev-e.kosmolat.eu\/lv\/wp-json\/wp\/v2\/product_tag?post=3946"}],"curies":[{"name":"wp","href":"https:\/\/api.w.org\/{rel}","templated":true}]}}

<p>Novēr&scaron; pirmās noveco&scaron;anās pazīmes. Trīs vērtīgu sastāvdaļu kombinācija rada papildu aizsargbarjeru uz ādas. Aktivētā ogle aizsargā ādu no apkārtējās vides negatīvās ietekmes, pateicoties tās absorbējo&scaron;ajām īpa&scaron;ībām. C un E vitamīni ir antioksidanti, kas rūpējas par ādas lipīdu struktūru, palielinot tās izturību pret antioksidantu stresu. Savukārt SPF30 filtrs pasargās no UVA/UVB starojuma.</p>
<p><strong>Lieto&scaron;ana: </strong>katru rītu uzklāt uz attīrītas sejas, kakla un dekoltē zonas ādas, maigi iemasējot.<br />
&nbsp;</p>

<p>Novēr&scaron; pirmās noveco&scaron;anās pazīmes. Trīs vērtīgu sastāvdaļu kombinācija rada papildu aizsargbarjeru uz ādas. Aktivētā ogle aizsargā ādu no apkārtējās vides negatīvās ietekmes, pateicoties tās absorbējo&scaron;ajām īpa&scaron;ībām. C un E vitamīni ir antioksidanti, kas rūpējas par ādas lipīdu struktūru, palielinot tās izturību pret antioksidantu stresu. Savukārt SPF30 filtrs pasargās no UVA/UVB starojuma. Lieto&scaron;ana: katru rītu uzklāt [&#8230;]
