{"id":4694,"date":"2023-11-15T14:21:59","date_gmt":"2023-11-15T14:21:59","guid":{"rendered":"https:\/\/dev-e.kosmolat.eu\/product\/naturalist-baltie-mali-sejai-un-kermenim-anapas-balinosi-155-ml\/"},"modified":"2023-11-22T18:57:19","modified_gmt":"2023-11-22T18:57:19","slug":"naturalist-baltie-mali-sejai-un-kermenim-anapas-balinosi-155-ml","status":"publish","type":"product","link":"https:\/\/dev-e.kosmolat.eu\/lv\/product\/naturalist-baltie-mali-sejai-un-kermenim-anapas-balinosi-155-ml\/","title":{"rendered":"&#8220;Naturalist&#8221; Baltie m\u0101li sejai un \u0137ermenim &#8220;Anapas&#8221; balino\u0161i, 155 ml"},"content":{"rendered":"","protected":false},"excerpt":{"rendered":"","protected":false},"featured_media":4698,"template":"","meta":[],"product_cat":[345],"product_tag":[],"class_list":["post-4694","product","type-product","status-publish","has-post-thumbnail","product_brand-stimul-kolor-kosmetik","product_cat-ellas-un-citi-specialie-lidzekli","first","instock","taxable","shipping-taxable","product-type-simple"],"_links":{"self":[{"href":"https:\/\/dev-e.kosmolat.eu\/lv\/wp-json\/wp\/v2\/product\/4694","targetHints":{"allow":["GET"]}}],"collection":[{"href":"https:\/\/dev-e.kosmolat.eu\/lv\/wp-json\/wp\/v2\/product"}],"about":[{"href":"https:\/\/dev-e.kosmolat.eu\/lv\/wp-json\/wp\/v2\/types\/product"}],"wp:featuredmedia":[{"embeddable":true,"href":"https:\/\/dev-e.kosmolat.eu\/lv\/wp-json\/wp\/v2\/media\/4698"}],"wp:attachment":[{"href":"https:\/\/dev-e.kosmolat.eu\/lv\/wp-json\/wp\/v2\/media?parent=4694"}],"wp:term":[{"taxonomy":"product_cat","embeddable":true,"href":"https:\/\/dev-e.kosmolat.eu\/lv\/wp-json\/wp\/v2\/product_cat?post=4694"},{"taxonomy":"product_tag","embeddable":true,"href":"https:\/\/dev-e.kosmolat.eu\/lv\/wp-json\/wp\/v2\/product_tag?post=4694"}],"curies":[{"name":"wp","href":"https:\/\/api.w.org\/{rel}","templated":true}]}}

&#8220;Naturalist&#8221; Baltie māli sejai un ķermenim &#8220;Anapas&#8221; balinoši, 155 ml
