{"id":7062,"date":"2023-11-15T15:31:53","date_gmt":"2023-11-15T15:31:53","guid":{"rendered":"https:\/\/dev-e.kosmolat.eu\/product\/dd-balzams-maska-alus-raugs-un-olivella-spidums-un-speks-500-ml\/"},"modified":"2024-01-09T17:00:46","modified_gmt":"2024-01-09T17:00:46","slug":"dd-balzams-maska-alus-raugs-un-olivella-spidums-un-speks-500-ml","status":"publish","type":"product","link":"https:\/\/dev-e.kosmolat.eu\/lv\/product\/dd-balzams-maska-alus-raugs-un-olivella-spidums-un-speks-500-ml\/","title":{"rendered":"&#8220;DD&#8221; Balzams-maska &#8220;Alus raugs un ol\u012bve\u013c\u013ca&#8221; Spidums un speks, 500 ml"},"content":{"rendered":"<p>Balzams-maska ar sabalans\u0113tu sast\u0101vda\u013cu kompleksu, kas efekt\u012bvs pret trausliem, nov\u0101jin\u0101tiem un bl\u0101viem matiem. Akt\u012bvo sast\u0101vda\u013cu komplekss matus padara stiprus, elast\u012bgus un dz\u012bv\u012bgus, veicina to aug&scaron;anu, mati k\u013c\u016bst gludi un mirdzo&scaron;i. Linu e\u013c\u013ca atjauno un tai piem\u012bt antibakteri\u0101la iedarb\u012bba, mitrina matus un galvas \u0101du. P\u0113c balzama-maskas lieto&scaron;anas mati viegl\u0101k \u0137emm\u0113jami, k\u013c\u016bst pak\u013c\u0101v\u012bg\u0101ki.<\/p>\n<p>Alus rauga ekstrakts viens no visbie\u017e\u0101k izmantojamiem l\u012bdzek\u013ciem matu aug&scaron;anai un stiprin\u0101&scaron;anai, pie&scaron;\u0137ir matiem stiprumu, elast\u012bbu un z\u012bdainumu.<\/p>\n<p>Ol\u012bve\u013c\u013ca lieliski mitrina, baro un vitaminiz\u0113 galvas \u0101du. Atjauno matiem pat\u012bkamo m\u012bkstumu un mirdzumu.<\/p>\n<p><strong>Lieto&scaron;ana:<\/strong> uzkl\u0101t piesak\u0146u zon\u0101 un izl\u012bdzin\u0101t no sakn\u0113m l\u012bdz matu galiem, nomazg\u0101t ar \u016bdeni. Neizmantot celof\u0101na cepur\u012bti.<\/p>\n<p><strong>Piesardz\u012bbas pas\u0101kumi:<\/strong> tikai \u0101r\u012bgai lieto&scaron;anai. Ja iek\u013c\u016bst ac\u012bs, izskalot ar \u016bdeni.<\/p>\n<p>Uzglab\u0101t temperat\u016br\u0101 no 0 &deg;\u0421&nbsp;l\u012bdz +25 &deg;\u0421.<\/p>\n","protected":false},"excerpt":{"rendered":"<p>Balzams-maska ar sabalans\u0113tu sast\u0101vda\u013cu kompleksu, kas efekt\u012bvs pret trausliem, nov\u0101jin\u0101tiem un bl\u0101viem matiem. Akt\u012bvo sast\u0101vda\u013cu komplekss matus padara stiprus, elast\u012bgus un dz\u012bv\u012bgus, veicina to aug&scaron;anu, mati k\u013c\u016bst gludi un mirdzo&scaron;i. Linu e\u013c\u013ca atjauno un tai piem\u012bt antibakteri\u0101la iedarb\u012bba, mitrina matus un galvas \u0101du. P\u0113c balzama-maskas lieto&scaron;anas mati viegl\u0101k \u0137emm\u0113jami, k\u013c\u016bst pak\u013c\u0101v\u012bg\u0101ki. Alus rauga ekstrakts viens [&#8230;]\n","protected":false},"featured_media":7066,"template":"","meta":[],"product_cat":[408],"product_tag":[],"class_list":["post-7062","product","type-product","status-publish","has-post-thumbnail","product_brand-elfa","product_cat-balzami","first","outofstock","taxable","shipping-taxable","product-type-simple"],"_links":{"self":[{"href":"https:\/\/dev-e.kosmolat.eu\/lv\/wp-json\/wp\/v2\/product\/7062","targetHints":{"allow":["GET"]}}],"collection":[{"href":"https:\/\/dev-e.kosmolat.eu\/lv\/wp-json\/wp\/v2\/product"}],"about":[{"href":"https:\/\/dev-e.kosmolat.eu\/lv\/wp-json\/wp\/v2\/types\/product"}],"wp:featuredmedia":[{"embeddable":true,"href":"https:\/\/dev-e.kosmolat.eu\/lv\/wp-json\/wp\/v2\/media\/7066"}],"wp:attachment":[{"href":"https:\/\/dev-e.kosmolat.eu\/lv\/wp-json\/wp\/v2\/media?parent=7062"}],"wp:term":[{"taxonomy":"product_cat","embeddable":true,"href":"https:\/\/dev-e.kosmolat.eu\/lv\/wp-json\/wp\/v2\/product_cat?post=7062"},{"taxonomy":"product_tag","embeddable":true,"href":"https:\/\/dev-e.kosmolat.eu\/lv\/wp-json\/wp\/v2\/product_tag?post=7062"}],"curies":[{"name":"wp","href":"https:\/\/api.w.org\/{rel}","templated":true}]}}

&#8220;DD&#8221; Balzams-maska &#8220;Alus raugs un olīveļļa&#8221; Spidums un speks, 500 ml

<p>Balzams-maska ar sabalansētu sastāvdaļu kompleksu, kas efektīvs pret trausliem, novājinātiem un blāviem matiem. Aktīvo sastāvdaļu komplekss matus padara stiprus, elastīgus un dzīvīgus, veicina to aug&scaron;anu, mati kļūst gludi un mirdzo&scaron;i. Linu eļļa atjauno un tai piemīt antibakteriāla iedarbība, mitrina matus un galvas ādu. Pēc balzama-maskas lieto&scaron;anas mati vieglāk ķemmējami, kļūst pakļāvīgāki.</p>
<p>Alus rauga ekstrakts viens no visbiežāk izmantojamiem līdzekļiem matu aug&scaron;anai un stiprinā&scaron;anai, pie&scaron;ķir matiem stiprumu, elastību un zīdainumu.</p>
<p>Olīveļļa lieliski mitrina, baro un vitaminizē galvas ādu. Atjauno matiem patīkamo mīkstumu un mirdzumu.</p>
<p><strong>Lieto&scaron;ana:</strong> uzklāt piesakņu zonā un izlīdzināt no saknēm līdz matu galiem, nomazgāt ar ūdeni. Neizmantot celofāna cepurīti.</p>
<p><strong>Piesardzības pasākumi:</strong> tikai ārīgai lieto&scaron;anai. Ja iekļūst acīs, izskalot ar ūdeni.</p>
<p>Uzglabāt temperatūrā no 0 &deg;С&nbsp;līdz +25 &deg;С.</p>

<p>Balzams-maska ar sabalansētu sastāvdaļu kompleksu, kas efektīvs pret trausliem, novājinātiem un blāviem matiem. Aktīvo sastāvdaļu komplekss matus padara stiprus, elastīgus un dzīvīgus, veicina to aug&scaron;anu, mati kļūst gludi un mirdzo&scaron;i. Linu eļļa atjauno un tai piemīt antibakteriāla iedarbība, mitrina matus un galvas ādu. Pēc balzama-maskas lieto&scaron;anas mati vieglāk ķemmējami, kļūst pakļāvīgāki. Alus rauga ekstrakts viens [&#8230;]
