{"id":8226,"date":"2023-11-15T16:13:41","date_gmt":"2023-11-15T16:13:41","guid":{"rendered":"https:\/\/dev-e.kosmolat.eu\/product\/i_dd-sejas-krems-altajas-mumijs-100-ml\/"},"modified":"2024-01-09T19:28:10","modified_gmt":"2024-01-09T19:28:10","slug":"i_dd-sejas-krems-altajas-mumijs-100-ml","status":"publish","type":"product","link":"https:\/\/dev-e.kosmolat.eu\/lv\/product\/i_dd-sejas-krems-altajas-mumijs-100-ml\/","title":{"rendered":"I_&#8221;DD&#8221; Sejas kr\u0113ms &#8220;Altajas m\u016bmijs&#8221;, 100 ml"},"content":{"rendered":"<p>Altajas mumijo Diena\/nakts &ndash; v\u0113rt\u012bgs dab\u012bgo akt\u012bvu sast\u0101vda\u013cu komplekss, kas padara \u0101du elast\u012bgu, gludu un mirdzo&scaron;u, pie&scaron;\u0137irot tai vesel\u012bgu izskatu. Ar valriekstu e\u013c\u013cu. Regul\u0101ra lieto&scaron;ana \u013caus sasniegt maksim\u0101lu efektu.&nbsp;<\/p>\n<p><strong>Lieto&scaron;ana:<\/strong> uzkl\u0101t uz sausas t\u012bras \u0101das.&nbsp;<\/p>\n<p><strong>Piesardz\u012bbas pas\u0101kumi:<\/strong> iesp\u0113jama paaugstin\u0101ta individu\u0101l\u0101 jut\u012bba uz atsevi&scaron;\u0137\u0101m sast\u0101vda\u013c\u0101m.&nbsp;<\/p>\n<p>Uzglab\u0101t temperat\u016br\u0101 no +5 &deg;\u0421 l\u012bdz +25 &deg;\u0421.<\/p>\n<p>&nbsp;<\/p>\n","protected":false},"excerpt":{"rendered":"<p>Altajas mumijo Diena\/nakts &ndash; v\u0113rt\u012bgs dab\u012bgo akt\u012bvu sast\u0101vda\u013cu komplekss, kas padara \u0101du elast\u012bgu, gludu un mirdzo&scaron;u, pie&scaron;\u0137irot tai vesel\u012bgu izskatu. Ar valriekstu e\u013c\u013cu. Regul\u0101ra lieto&scaron;ana \u013caus sasniegt maksim\u0101lu efektu.&nbsp; Lieto&scaron;ana: uzkl\u0101t uz sausas t\u012bras \u0101das.&nbsp; Piesardz\u012bbas pas\u0101kumi: iesp\u0113jama paaugstin\u0101ta individu\u0101l\u0101 jut\u012bba uz atsevi&scaron;\u0137\u0101m sast\u0101vda\u013c\u0101m.&nbsp; Uzglab\u0101t temperat\u016br\u0101 no +5 &deg;\u0421 l\u012bdz +25 &deg;\u0421. &nbsp;<\/p>\n","protected":false},"featured_media":24083,"template":"","meta":[],"product_cat":[323],"product_tag":[],"class_list":["post-8226","product","type-product","status-publish","has-post-thumbnail","product_brand-elfa","product_cat-sejas-kremi","first","outofstock","taxable","shipping-taxable","product-type-simple"],"_links":{"self":[{"href":"https:\/\/dev-e.kosmolat.eu\/lv\/wp-json\/wp\/v2\/product\/8226","targetHints":{"allow":["GET"]}}],"collection":[{"href":"https:\/\/dev-e.kosmolat.eu\/lv\/wp-json\/wp\/v2\/product"}],"about":[{"href":"https:\/\/dev-e.kosmolat.eu\/lv\/wp-json\/wp\/v2\/types\/product"}],"wp:featuredmedia":[{"embeddable":true,"href":"https:\/\/dev-e.kosmolat.eu\/lv\/wp-json\/wp\/v2\/media\/24083"}],"wp:attachment":[{"href":"https:\/\/dev-e.kosmolat.eu\/lv\/wp-json\/wp\/v2\/media?parent=8226"}],"wp:term":[{"taxonomy":"product_cat","embeddable":true,"href":"https:\/\/dev-e.kosmolat.eu\/lv\/wp-json\/wp\/v2\/product_cat?post=8226"},{"taxonomy":"product_tag","embeddable":true,"href":"https:\/\/dev-e.kosmolat.eu\/lv\/wp-json\/wp\/v2\/product_tag?post=8226"}],"curies":[{"name":"wp","href":"https:\/\/api.w.org\/{rel}","templated":true}]}}

I_&#8221;DD&#8221; Sejas krēms &#8220;Altajas mūmijs&#8221;, 100 ml

<p>Altajas mumijo Diena/nakts &ndash; vērtīgs dabīgo aktīvu sastāvdaļu komplekss, kas padara ādu elastīgu, gludu un mirdzo&scaron;u, pie&scaron;ķirot tai veselīgu izskatu. Ar valriekstu eļļu. Regulāra lieto&scaron;ana ļaus sasniegt maksimālu efektu.&nbsp;</p>
<p><strong>Lieto&scaron;ana:</strong> uzklāt uz sausas tīras ādas.&nbsp;</p>
<p><strong>Piesardzības pasākumi:</strong> iespējama paaugstināta individuālā jutība uz atsevi&scaron;ķām sastāvdaļām.&nbsp;</p>
<p>Uzglabāt temperatūrā no +5 &deg;С līdz +25 &deg;С.</p>
<p>&nbsp;</p>

<p>Altajas mumijo Diena/nakts &ndash; vērtīgs dabīgo aktīvu sastāvdaļu komplekss, kas padara ādu elastīgu, gludu un mirdzo&scaron;u, pie&scaron;ķirot tai veselīgu izskatu. Ar valriekstu eļļu. Regulāra lieto&scaron;ana ļaus sasniegt maksimālu efektu.&nbsp; Lieto&scaron;ana: uzklāt uz sausas tīras ādas.&nbsp; Piesardzības pasākumi: iespējama paaugstināta individuālā jutība uz atsevi&scaron;ķām sastāvdaļām.&nbsp; Uzglabāt temperatūrā no +5 &deg;С līdz +25 &deg;С. &nbsp;</p>
