{"id":9610,"date":"2023-11-15T21:03:59","date_gmt":"2023-11-15T21:03:59","guid":{"rendered":"https:\/\/dev-e.kosmolat.eu\/product\/vollare-sejas-maska-nevainojama-attirisana-2-x-5-ml\/"},"modified":"2023-12-11T20:58:01","modified_gmt":"2023-12-11T20:58:01","slug":"vollare-sejas-maska-nevainojama-attirisana-2-x-5-ml","status":"publish","type":"product","link":"https:\/\/dev-e.kosmolat.eu\/lv\/product\/vollare-sejas-maska-nevainojama-attirisana-2-x-5-ml\/","title":{"rendered":"VOLLARE Sejas maska Nevainojama att\u012br\u012b\u0161ana, 2 x 5 ml"},"content":{"rendered":"<p>Nodro&scaron;ina sp\u0113c\u012bgu att\u012bro&scaron;u iedarb\u012bba. Likvid\u0113jot dienas laik\u0101 uzkr\u0101tos net\u012brumus, \u0101da tiek att\u012br\u012bta no liek\u0101 sebuma, t\u0101d\u0113j\u0101di nov\u0113r&scaron;ot taukaino sp\u012bdumu. Akt\u012bv\u0101s ogles un C vitam\u012bna komplekss izl\u012bdzina \u0101das toni.<\/p>\n<p><strong>Lieto&scaron;ana: <\/strong>uzkl\u0101jiet biezu maskas k\u0101rtu uz t\u012bras sejas, kakla un dekolt\u0113 zonas \u0101das, izvairoties no zonas ap ac\u012bm un l\u016bp\u0101m. Atst\u0101jiet uz 10-15 min\u016bt\u0113m. Maskas paliekas iemas\u0113jiet \u0101d\u0101 vai not\u012briet ar vates disku. P\u0113c maskas uzkl\u0101jiet savam \u0101das tipam piem\u0113rotu kr\u0113mu.<br \/>\n&nbsp;<\/p>\n","protected":false},"excerpt":{"rendered":"<p>Nodro&scaron;ina sp\u0113c\u012bgu att\u012bro&scaron;u iedarb\u012bba. Likvid\u0113jot dienas laik\u0101 uzkr\u0101tos net\u012brumus, \u0101da tiek att\u012br\u012bta no liek\u0101 sebuma, t\u0101d\u0113j\u0101di nov\u0113r&scaron;ot taukaino sp\u012bdumu. Akt\u012bv\u0101s ogles un C vitam\u012bna komplekss izl\u012bdzina \u0101das toni. Lieto&scaron;ana: uzkl\u0101jiet biezu maskas k\u0101rtu uz t\u012bras sejas, kakla un dekolt\u0113 zonas \u0101das, izvairoties no zonas ap ac\u012bm un l\u016bp\u0101m. Atst\u0101jiet uz 10-15 min\u016bt\u0113m. Maskas paliekas iemas\u0113jiet [&#8230;]\n","protected":false},"featured_media":25925,"template":"","meta":[],"product_cat":[333],"product_tag":[],"class_list":["post-9610","product","type-product","status-publish","has-post-thumbnail","product_brand-verona","product_cat-sejas-maskas","first","instock","taxable","shipping-taxable","product-type-simple"],"_links":{"self":[{"href":"https:\/\/dev-e.kosmolat.eu\/lv\/wp-json\/wp\/v2\/product\/9610","targetHints":{"allow":["GET"]}}],"collection":[{"href":"https:\/\/dev-e.kosmolat.eu\/lv\/wp-json\/wp\/v2\/product"}],"about":[{"href":"https:\/\/dev-e.kosmolat.eu\/lv\/wp-json\/wp\/v2\/types\/product"}],"wp:featuredmedia":[{"embeddable":true,"href":"https:\/\/dev-e.kosmolat.eu\/lv\/wp-json\/wp\/v2\/media\/25925"}],"wp:attachment":[{"href":"https:\/\/dev-e.kosmolat.eu\/lv\/wp-json\/wp\/v2\/media?parent=9610"}],"wp:term":[{"taxonomy":"product_cat","embeddable":true,"href":"https:\/\/dev-e.kosmolat.eu\/lv\/wp-json\/wp\/v2\/product_cat?post=9610"},{"taxonomy":"product_tag","embeddable":true,"href":"https:\/\/dev-e.kosmolat.eu\/lv\/wp-json\/wp\/v2\/product_tag?post=9610"}],"curies":[{"name":"wp","href":"https:\/\/api.w.org\/{rel}","templated":true}]}}

VOLLARE Sejas maska Nevainojama attīrīšana, 2 x 5 ml

<p>Nodro&scaron;ina spēcīgu attīro&scaron;u iedarbība. Likvidējot dienas laikā uzkrātos netīrumus, āda tiek attīrīta no liekā sebuma, tādējādi novēr&scaron;ot taukaino spīdumu. Aktīvās ogles un C vitamīna komplekss izlīdzina ādas toni.</p>
<p><strong>Lieto&scaron;ana: </strong>uzklājiet biezu maskas kārtu uz tīras sejas, kakla un dekoltē zonas ādas, izvairoties no zonas ap acīm un lūpām. Atstājiet uz 10-15 minūtēm. Maskas paliekas iemasējiet ādā vai notīriet ar vates disku. Pēc maskas uzklājiet savam ādas tipam piemērotu krēmu.<br />
&nbsp;</p>

<p>Nodro&scaron;ina spēcīgu attīro&scaron;u iedarbība. Likvidējot dienas laikā uzkrātos netīrumus, āda tiek attīrīta no liekā sebuma, tādējādi novēr&scaron;ot taukaino spīdumu. Aktīvās ogles un C vitamīna komplekss izlīdzina ādas toni. Lieto&scaron;ana: uzklājiet biezu maskas kārtu uz tīras sejas, kakla un dekoltē zonas ādas, izvairoties no zonas ap acīm un lūpām. Atstājiet uz 10-15 minūtēm. Maskas paliekas iemasējiet [&#8230;]
