{"id":9614,"date":"2023-11-15T21:04:11","date_gmt":"2023-11-15T21:04:11","guid":{"rendered":"https:\/\/dev-e.kosmolat.eu\/product\/vollare-sejas-maska-maksimala-mitrinasana-2-x-5-ml\/"},"modified":"2023-12-11T20:58:24","modified_gmt":"2023-12-11T20:58:24","slug":"vollare-sejas-maska-maksimala-mitrinasana-2-x-5-ml","status":"publish","type":"product","link":"https:\/\/dev-e.kosmolat.eu\/lv\/product\/vollare-sejas-maska-maksimala-mitrinasana-2-x-5-ml\/","title":{"rendered":"VOLLARE Sejas maska Maksim\u0101la mitrin\u0101\u0161ana, 2 x 5 ml"},"content":{"rendered":"<p>Pateicoties hialuronsk\u0101bei ar tr\u012bs da\u017e\u0101d\u0101m molekulmas\u0101m, a\u013c\u0123u un C un E vitam\u012bnu kompleksam, maska lieliski mitrina, nov\u0113r&scaron; noveco&scaron;anos un pal\u012bdz saglab\u0101t \u0101das jaun\u012bbu un svaigumu. Piem\u0113rota visiem \u0101das tipiem.<\/p>\n<p><strong>Lieto&scaron;ana: <\/strong>uzkl\u0101jiet biezu maskas k\u0101rtu uz t\u012bras sejas, kakla un dekolt\u0113 zonas \u0101das, izvairoties no zonas ap ac\u012bm un l\u016bp\u0101m. Atst\u0101jiet uz 10-15 min\u016bt\u0113m. Maskas paliekas iemas\u0113jiet \u0101d\u0101 vai not\u012briet ar vates disku. P\u0113c maskas uzkl\u0101jiet savam \u0101das tipam piem\u0113rotu kr\u0113mu.<br \/>\n&nbsp;<\/p>\n","protected":false},"excerpt":{"rendered":"<p>Pateicoties hialuronsk\u0101bei ar tr\u012bs da\u017e\u0101d\u0101m molekulmas\u0101m, a\u013c\u0123u un C un E vitam\u012bnu kompleksam, maska lieliski mitrina, nov\u0113r&scaron; noveco&scaron;anos un pal\u012bdz saglab\u0101t \u0101das jaun\u012bbu un svaigumu. Piem\u0113rota visiem \u0101das tipiem. Lieto&scaron;ana: uzkl\u0101jiet biezu maskas k\u0101rtu uz t\u012bras sejas, kakla un dekolt\u0113 zonas \u0101das, izvairoties no zonas ap ac\u012bm un l\u016bp\u0101m. Atst\u0101jiet uz 10-15 min\u016bt\u0113m. Maskas paliekas [&#8230;]\n","protected":false},"featured_media":25929,"template":"","meta":[],"product_cat":[333],"product_tag":[],"class_list":["post-9614","product","type-product","status-publish","has-post-thumbnail","product_brand-verona","product_cat-sejas-maskas","first","instock","taxable","shipping-taxable","product-type-simple"],"_links":{"self":[{"href":"https:\/\/dev-e.kosmolat.eu\/lv\/wp-json\/wp\/v2\/product\/9614","targetHints":{"allow":["GET"]}}],"collection":[{"href":"https:\/\/dev-e.kosmolat.eu\/lv\/wp-json\/wp\/v2\/product"}],"about":[{"href":"https:\/\/dev-e.kosmolat.eu\/lv\/wp-json\/wp\/v2\/types\/product"}],"wp:featuredmedia":[{"embeddable":true,"href":"https:\/\/dev-e.kosmolat.eu\/lv\/wp-json\/wp\/v2\/media\/25929"}],"wp:attachment":[{"href":"https:\/\/dev-e.kosmolat.eu\/lv\/wp-json\/wp\/v2\/media?parent=9614"}],"wp:term":[{"taxonomy":"product_cat","embeddable":true,"href":"https:\/\/dev-e.kosmolat.eu\/lv\/wp-json\/wp\/v2\/product_cat?post=9614"},{"taxonomy":"product_tag","embeddable":true,"href":"https:\/\/dev-e.kosmolat.eu\/lv\/wp-json\/wp\/v2\/product_tag?post=9614"}],"curies":[{"name":"wp","href":"https:\/\/api.w.org\/{rel}","templated":true}]}}

VOLLARE Sejas maska Maksimāla mitrināšana, 2 x 5 ml

<p>Pateicoties hialuronskābei ar trīs dažādām molekulmasām, aļģu un C un E vitamīnu kompleksam, maska lieliski mitrina, novēr&scaron; noveco&scaron;anos un palīdz saglabāt ādas jaunību un svaigumu. Piemērota visiem ādas tipiem.</p>
<p><strong>Lieto&scaron;ana: </strong>uzklājiet biezu maskas kārtu uz tīras sejas, kakla un dekoltē zonas ādas, izvairoties no zonas ap acīm un lūpām. Atstājiet uz 10-15 minūtēm. Maskas paliekas iemasējiet ādā vai notīriet ar vates disku. Pēc maskas uzklājiet savam ādas tipam piemērotu krēmu.<br />
&nbsp;</p>

<p>Pateicoties hialuronskābei ar trīs dažādām molekulmasām, aļģu un C un E vitamīnu kompleksam, maska lieliski mitrina, novēr&scaron; noveco&scaron;anos un palīdz saglabāt ādas jaunību un svaigumu. Piemērota visiem ādas tipiem. Lieto&scaron;ana: uzklājiet biezu maskas kārtu uz tīras sejas, kakla un dekoltē zonas ādas, izvairoties no zonas ap acīm un lūpām. Atstājiet uz 10-15 minūtēm. Maskas paliekas [&#8230;]
